tor of 2475 and 264?
33
Calculate the highest common factor of 783 and 116.
29
What is the greatest common divisor of 252 and 196?
28
Calculate the greatest common divisor of 15 and 2985.
15
Calculate the highest common factor of 18 and 134.
2
What is the greatest common divisor of 84 and 15036?
84
Calculate the highest common factor of 784 and 224.
112
What is the greatest common divisor of 10 and 1570?
10
What is the highest common divisor of 12 and 3168?
12
Calculate the highest common divisor of 39 and 2743.
13
What is the greatest common factor of 216 and 88?
8
Calculate the greatest common factor of 25 and 3310.
5
Calculate the highest common divisor of 10741 and 46.
23
Calculate the greatest common factor of 40 and 3380.
20
Calculate the greatest common divisor of 36 and 162.
18
What is the highest common divisor of 42 and 1344?
42
Calculate the greatest common factor of 1161 and 645.
129
What is the greatest common factor of 10 and 6310?
10
What is the greatest common factor of 10 and 5?
5
Calculate the greatest common divisor of 171 and 11685.
57
Calculate the highest common factor of 180 and 72.
36
Calculate the greatest common factor of 33 and 12309.
33
Calculate the highest common factor of 6144 and 36.
12
Calculate the highest common factor of 7 and 406.
7
Calculate the greatest common factor of 48 and 256.
16
Calculate the highest common factor of 27 and 36.
9
What is the highest common factor of 14 and 81662?
14
What is the highest common divisor of 344 and 40?
8
What is the greatest common factor of 54 and 1161?
27
What is the highest common factor of 297 and 216?
27
Calculate the greatest common factor of 253 and 9131.
23
What is the highest common factor of 8 and 848?
8
Calculate the highest common factor of 255 and 1190.
85
What is the highest common factor of 217 and 31?
31
Calculate the greatest common divisor of 213 and 781.
71
What is the greatest common factor of 7 and 49?
7
What is the greatest common divisor of 187 and 6919?
187
Calculate the highest common factor of 38 and 494.
38
What is the highest common factor of 65 and 2795?
65
Calculate the greatest common factor of 133 and 209.
19
Calculate the highest common divisor of 9087 and 466.
233
What is the greatest common factor of 16 and 80?
16
What is the highest common divisor of 9646 and 212?
106
Calculate the highest common factor of 784 and 49.
49
Calculate the highest common factor of 203 and 21.
7
Calculate the greatest common factor of 2156 and 1804.
44
Calculate the highest common divisor of 2233 and 2772.
77
What is the highest common divisor of 121 and 11?
11
Calculate the highest common factor of 405 and 15.
15
Calculate the greatest common factor of 185 and 5.
5
What is the greatest common factor of 41 and 3?
1
What is the highest common factor of 12572 and 56?
28
Calculate the greatest common divisor of 418 and 154.
22
Calculate the greatest common factor of 305 and 183.
61
Calculate the highest common factor of 146 and 657.
73
Calculate the greatest common factor of 2375 and 25.
25
What is the highest common divisor of 322 and 14?
14
Calculate the highest common factor of 776 and 232.
8
Calculate the highest common divisor of 18336 and 80.
16
What is the greatest common factor of 1623 and 3?
3
Calculate the highest common divisor of 192 and 432.
48
What is the highest common factor of 324 and 72?
36
Calculate the highest common divisor of 21556 and 68.
68
What is the highest common divisor of 126 and 4662?
126
Calculate the highest common divisor of 384 and 72.
24
What is the greatest common factor of 392 and 112?
56
What is the highest common factor of 147 and 63?
21
Calculate the highest common factor of 221 and 39.
13
What is the highest common factor of 1040 and 325?
65
What is the highest common factor of 858 and 39?
39
What is the highest common divisor of 51 and 36193?
17
Calculate the highest common factor of 517 and 660.
11
Calculate the highest common divisor of 486 and 2.
2
What is the greatest common divisor of 25 and 335?
5
What is the highest common divisor of 273 and 1547?
91
Calculate the highest common factor of 72 and 2304.
72
Calculate the highest common divisor of 165 and 429.
33
What is the highest common divisor of 60 and 210?
30
Calculate the greatest common divisor of 462 and 27.
3
Calculate the highest common factor of 105 and 455.
35
What is the greatest common factor of 432 and 13632?
48
What is the greatest common divisor of 534 and 30?
6
Calculate the greatest common factor of 22 and 6842.
22
What is the highest common divisor of 352 and 9328?
176
What is the highest common divisor of 14 and 40?
2
Calculate the highest common divisor of 765 and 180.
45
Calculate the greatest common factor of 261 and 27.
9
What is the greatest common divisor of 6512 and 1036?
148
Calculate the highest common factor of 24462 and 302.
302
Calculate the greatest common factor of 589 and 31.
31
What is the highest common divisor of 121 and 3751?
121
What is the highest common divisor of 108 and 156?
12
What is the highest common divisor of 16 and 982?
2
What is the highest common factor of 4 and 3236?
4
What is the greatest common divisor of 11574 and 72?
18
Calculate the highest common divisor of 31206 and 126.
42
What is the greatest common divisor of 4420 and 650?
130
Calculate the highest common factor of 17 and 697.
17
What is the highest common factor of 45 and 1005?
15
Calculate the greatest common divisor of 4512 and 141.
141
What is the highest common factor of 84 and 273?
21
Calculate the highest common divisor of 576 and 18.
18
What is the highest common factor of 28 and 1946?
14
What is the highest common divisor of 19 and 2299?
19
Calculate the highest common factor of 87 and 681.
3
What is the greatest common factor of 9246 and 138?
138
Calculate the highest common factor of 50 and 320.
10
What is the highest common factor of 16 and 111472?
16
Calculate the greatest common divisor of 21 and 525.
21
What is the highest common divisor of 527 and 136?
17
What is the highest common divisor of 153 and 34?
17
What is the greatest common factor of 9000 and 15?
15
What is the greatest common factor of 54 and 882?
18
What is the greatest common factor of 206 and 20291?
103
Calculate the greatest common factor of 7 and 175.
7
Calculate the highest common divisor of 3270 and 30.
30
Calculate the greatest common factor of 1417 and 872.
109
What is the highest common divisor of 5 and 900?
5
Calculate the highest common factor of 338 and 754.
26
Calculate the highest common divisor of 66 and 282.
6
Calculate the greatest common divisor of 75 and 1770.
15
What is the highest common factor of 95 and 133?
19
What is the highest common divisor of 781 and 213?
71
Calculate the greatest common factor of 1080 and 3996.
108
Calculate the highest common factor of 312 and 2912.
104
What is the greatest common divisor of 60 and 165?
15
Calculate the highest common divisor of 3140 and 2041.
157
What is the highest common factor of 1633 and 71?
71
What is the greatest common divisor of 186 and 1209?
93
Calculate the highest common divisor of 120 and 4050.
30
Calculate the greatest common divisor of 22 and 36168.
22
Calculate the greatest common factor of 520 and 195.
65
Calculate the greatest common factor of 40 and 1510.
10
Calculate the greatest common factor of 738 and 48.
6
Calculate the greatest common divisor of 5 and 160.
5
Calculate the greatest common divisor of 30 and 204.
6
Calculate the highest common factor of 140 and 105.
35
Calculate the highest common divisor of 224 and 1936.
16
Calculate the greatest common factor of 5909 and 76.
19
Calculate the greatest common factor of 18 and 1089.
9
Calculate the highest common divisor of 152 and 68.
4
Calculate the greatest common divisor of 189 and 270.
27
What is the greatest common factor of 17 and 425?
17
Calculate the highest common divisor of 15 and 2355.
15
What is the greatest common factor of 24 and 771?
3
Calculate the highest common divisor of 33 and 561.
33
Calculate the greatest common factor of 780 and 1620.
60
What is the greatest common factor of 50 and 40?
10
What is the highest common divisor of 123 and 8241?
123
Calculate the highest common divisor of 258 and 6.
6
Calculate the 